 tens digit of u?
6
Let o = 320 - -11. What is the tens digit of o?
3
What is the tens digit of (-4)/10 + (-1953)/(-45)?
4
Let g = -142 - -323. What is the hundreds digit of g?
1
Let a = 16 + -26. Suppose l + 0*l - 17 = 0. Let j = l + a. What is the units digit of j?
7
Let p(n) = n**3 + n**2 - n + 5. Let u be p(0). Suppose -u*c = -0*c + 10, 5*c = 5*d - 30. What is the units digit of d?
4
Suppose 0 = -4*t - 5*y + 3*y, 0 = -2*t + 3*y + 8. Let z = t - -3. What is the units digit of z?
4
Suppose 2*p = z - 4*z + 15, 3*p + 2*z - 10 = 0. Let x(d) = 17 + p*d - 4*d + d**2 + 3*d. What is the units digit of x(0)?
7
Let s be (-88)/6*(-6)/4. Let r = s + -7. What is the tens digit of r?
1
Suppose 2*l - 5 = 1. Suppose l*j - 4 = j. What is the units digit of j?
2
Let g(f) = 6*f**2 + 4. What is the units digit of g(-3)?
8
Let x be (-3 - (-58)/4)*-2. Let q = -15 - x. Suppose q = 3*k - 31. What is the units digit of k?
3
Let i be (-157)/(-5) - 4/10. Let z = i - -2. Suppose 7*v - z = 4*v. What is the units digit of v?
1
Let c be (-3)/(0 - 3) - 1. Suppose -2*y + 2*v + 3*v + 33 = 0, y + v + 1 = c. What is the units digit of y?
4
What is the units digit of 254/((0 - -1)*-1*-2)?
7
Suppose -a - 2*d + 8 = 0, 2*d + 4 = -0*a + a. Let v = 17 - a. What is the tens digit of v?
1
Suppose 0 = 5*q - 3*q + y - 37, -83 = -3*q + 4*y. Suppose -1 - 1 = -2*h. What is the units digit of (-1 - h)/((-6)/q)?
7
Suppose 4*d + 30 = 3*n, 3*n = 3*d + 13 + 14. What is the units digit of n?
6
Let j(d) = 0*d**2 + 3*d**2 + 2*d - 2*d. What is the units digit of j(1)?
3
Let l = -37 + 276. What is the hundreds digit of l?
2
Let g = -6 + 10. Suppose -t + 3 = 2*q, g*q + 4 = -6*t + 2*t. What is the units digit of q?
4
Suppose 2*f + 345 = 7*f. What is the units digit of f?
9
Let f(p) = -p - 10. Let z(r) = -5*r - 51. Let x(b) = -11*f(b) + 2*z(b). Let u be x(-6). Suppose -u + 10 = 2*w. What is the units digit of w?
4
Let d(h) = 2 + h**2 - 1 + 4*h**2 + h**3. What is the units digit of d(-5)?
1
Let u(a) = 7*a + 7*a**2 + a**3 + 0*a**3 + 0*a**2 + 6. Let w be u(-7). Let c = w - -60. What is the tens digit of c?
1
Suppose -2*l + 38 = -l. What is the units digit of l?
8
Suppose -100 - 50 = -3*h. Let v = h + -35. What is the units digit of 5/v + (-52)/(-6)?
9
What is the units digit of (-508)/(-18) + (-12)/54?
8
Suppose 5*l - 3 = 2*l. Suppose 2*d + 2*h - 34 = 4*h, l = d - 5*h. What is the tens digit of d?
2
What is the units digit of (-666)/(-16) - 39/(-104)?
2
Suppose 4*o + 4*y - 20 = 0, -5*y + 7 = -o - 0*o. Suppose o*h - 7 = -1. Suppose -5*l = -2*l + w - 10, h*l = 5*w + 1. What is the units digit of l?
3
Let q(a) = -a**3 + 3*a**2 + 2*a + 1. Let c be q(2). Let p(y) = 2*y**2 - 12*y - 13. Let h be p(c). Let t = h + -21. What is the tens digit of t?
2
Let k(v) = -5 + 3 - 2*v - 2 - 6. Let w be k(-8). Suppose n = -n + w. What is the units digit of n?
3
What is the units digit of 19 - 1/(3 - 2)?
8
Suppose 14*z + 20 = 18*z. What is the units digit of z?
5
Let k = -4 - -8. Suppose -3*q = -2*s - 45, 2*q - 21 = -k*s - 7. What is the tens digit of q?
1
Let s(y) = -y. Let h be s(2). Let f(g) = g + 16. Let o be f(-12). Let b = h + o. What is the units digit of b?
2
Suppose u = 2*u. Let c = 8 + 5. Suppose 5*f + c = -k + 4*k, u = -k - 5*f + 11. What is the units digit of k?
6
Let h = 30 - 19. What is the tens digit of h?
1
Let f = 74 - 32. What is the units digit of f?
2
What is the tens digit of (-6)/(-12) - (-58)/4?
1
What is the units digit of (-402)/(-14) + (-5)/7 + 1?
9
Suppose -n + 3 = 1. Let a(v) = v**3 + 5*v**2 + 9*v**2 + 7*v - 4*v**n - 5. What is the units digit of a(-9)?
3
Let p(n) = -n**3 + 8*n**2 - 1. Let u be p(7). What is the units digit of 14/8*u/2?
2
Let a be (-2 + 4)/(2/(-5)). Let z(f) = -2*f - 3. What is the units digit of z(a)?
7
Suppose 3*l = 910 - 238. What is the units digit of l?
4
Let s = 22 - 15. Let x be (25 - -1)/(s/7). Suppose 3*a - x = 1. What is the units digit of a?
9
Suppose 3*b = 8*b + 165. Suppose 3*c - 159 = 3*w, 2*w + 172 = -2*w - 4*c. Let o = b - w. What is the units digit of o?
5
Suppose 13 = -4*a + 65. Let m = 31 - a. What is the tens digit of m?
1
Suppose -27 = -5*j - 12. Suppose -m + 3*b - 5 = 5*b, 3*m - j*b = 21. Suppose n - m = 9. What is the tens digit of n?
1
Suppose 4*v = 3*v + 36. Let j be (v/30)/((-4)/(-10)). Suppose 5*i - j = 37. What is the units digit of i?
8
What is the units digit of 3400/80 + 6/(-4)?
1
Let r(h) = -8*h - 13. What is the tens digit of r(-10)?
6
Suppose 2*d + 213 = -3*l, 3*l - 3*d - 33 = -231. Let b be 2/(3 + l/21). Let t(r) = r**2 + 7*r + 3. What is the units digit of t(b)?
3
Let h = 10 + -6. Suppose 0 = q - y, 0*y = 2*q + h*y - 12. Suppose -q*d + 21 = -3. What is the tens digit of d?
1
Suppose 5*a + 30 = -5*g, -a - 4*g - 15 = -0. Let t = a - -3. Let f(m) = -m**3 - m**2 - m + 2. What is the units digit of f(t)?
2
Suppose 2*q + q - 6 = 0. Suppose 0*p = b - q*p - 6, 0 = b + 5*p - 27. What is the units digit of b?
2
Suppose -2*r = 3*c - 212, -3*c - 2*r - 138 = -5*c. What is the units digit of c?
0
Let m(r) = 3*r + 2. Let w(c) = -2*c - 2. Let u(z) = 3*m(z) + 4*w(z). Suppose 9 = 6*x - 3*x. What is the units digit of u(x)?
1
Let x be (-10)/((-4)/(-2)) - 2. Let t(k) = k**2 + 6*k + 7. Let j be t(x). Suppose -2*g = -j - 2. What is the units digit of g?
8
Suppose l = 5*l + 8. Let m = l + 5. Suppose 26 = m*a - a. What is the units digit of a?
3
Let c(o) = o**3 - 7*o**2 + 8*o - 6. Let q be c(6). Let s = -5 + 7. Suppose l = -s*l + q. What is the units digit of l?
2
Let k(o) be the second derivative of -1/2*o**2 - 1/6*o**3 + 0 + o + 1/12*o**4. What is the units digit of k(-1)?
1
Let k be (-12)/8 + (-2)/(-4). What is the tens digit of 1 - (12/k + 0)?
1
Suppose 8*v - 3*v - 20 = 0. What is the units digit of v?
4
Let z(q) = -q**3 + 2*q**2 + q + 4. Let n be z(3). Let k be 0/(0/n + -1). Suppose k*p = -2*p + 16. What is the units digit of p?
8
Let o be -1*2/2*-59. Suppose 5*g = 184 - o. What is the tens digit of g?
2
Let j(b) = -3*b - 11. Let n be j(-5). Suppose -u = -0*u + f - 21, u + n*f - 6 = 0. What is the tens digit of u?
2
Let z = 136 - 74. What is the tens digit of z?
6
Suppose 5*v - 72 = i + 34, -5*v + 130 = 5*i. Suppose y - v - 27 = 0. What is the units digit of y?
9
Suppose -3*q + 1 = -11. Suppose 4*x = 3*l - 23, q = 5*l - x - 6. What is the units digit of l?
1
Suppose o = -2*o - 5*l + 1020, -1360 = -4*o + 2*l. Suppose 0 = -5*t - 5*s - o, 3*t - 6*s + 198 = -3*s. What is the tens digit of t/(-4) - (-2)/8?
1
Suppose x - 3 = 12. What is the units digit of (x/(-10))/(2/(-4))?
3
Let a be ((-7)/(-2))/(2/(-4)). Let x(z) = -z**3 - 8*z**2 - 6*z + 9. Let m be x(a). Suppose -m*g = 2*g - 28. What is the units digit of g?
7
Let v be (4 + -2)/(4/6). Suppose 2*z = 3*z + v. What is the units digit of (-6)/(z/4 + 0)?
8
Let p be (-14)/(-2) + (1 - 2). Let h be (-93)/p + (-2)/(-4). What is the units digit of (4/(-5))/(2/h)?
6
Let j = 213 - 112. What is the hundreds digit of j?
1
Let g(c) = 2*c**3 - 5*c**2 + 7*c - 13. Let a(r) = -5*r**3 + 15*r**2 - 21*r + 38. Let v(f) = -3*a(f) - 8*g(f). What is the tens digit of v(-7)?
3
Suppose 53 = n + 15. What is the tens digit of n?
3
Suppose -10*l + 880 = -5*l. What is the hundreds digit of l?
1
Suppose -5*f - 5*k + 120 = 0, 5*f + 4*k - 87 = 37. What is the tens digit of f?
2
Suppose -101 = -4*s + 5*j, 2*j + 9 - 31 = -s. Suppose s = -0*m + 4*m. Let l = m - 1. What is the units digit of l?
5
Suppose 5*j - 45 = -5*f, -3*f = 1 - 7. What is the units digit of 3 - 3/(-3)*j?
0
Suppose -5*f + 53 = 18. Let t = f - 7. Suppose t = m - 2 - 5. What is the units digit of m?
7
Let p(w) = 34*w - 2. Let k be p(-1). Let s = k + 69. What is the tens digit of s?
3
Suppose 5*n = 736 + 494. What is the units digit of n?
6
Suppose -x = -4*s - 117, 2*s - 607 = -5*x - 0*s. What is the hundreds digit of x?
1
Let q be ((-66)/8)/((-1)/(-4)). Let s(z) = -z**3 - 2*z**2 + 2*z - 50. Let l be s(0). Let o = q - l. What is the tens digit of o?
1
Let y = 174 + -118. What is the units digit of y?
6
Suppose k = -3*k + 808. What is the hundreds digit of k?
2
Suppose b + 16 = 4*k, -b + 5*k = 4*b + 5. Let h = b - 1. Suppose g = h*g - 8. What is the units digit of g?
4
Let t(j) = -j**3 + j**2 + j + 3. Let u be t(0). Suppose u = -m + 7. Suppose 4*l - 5*x = -2*x + 13, 5*l - 55 = -m*x. W